e 5*u + 4*u = -837. Let w = v - u. What is the tens digit of w?
2
What is the thousands digit of 6/2*(9464 - 165)?
7
Let p(r) = r**3 - 37*r**2 - 29*r + 85. Let q be p(37). Let f = q + 1890. What is the hundreds digit of f?
9
Let a(t) = -208*t**2 + 6*t - 23. Let l be a(6). Let b = 4871 + l. What is the hundreds digit of 0 + b/(-15) + 2/5?
1
Suppose 1658230 + 1442453 = 40*d + 670363. What is the hundreds digit of d?
7
Let y(w) = w**3 + 3*w**2 - 8*w - 12. Let l be y(5). Let b = 360 - l. What is the tens digit of b?
1
Let u = 17454 - 8692. What is the hundreds digit of u?
7
What is the tens digit of (-28)/(-224) - (2 + (-282174)/16)?
3
What is the tens digit of ((-2352)/(-5))/((-603)/(-8040))?
7
Let j(d) = -2*d**3 + 10*d**2 + 2*d + 8. Let m be j(5). Let l = m + -13. Suppose 361 = l*r - 129. What is the units digit of r?
8
Let m(d) = d**2 + 9*d + 75. Let p be m(-8). Suppose 186 = -64*l + p*l. What is the tens digit of l?
6
Suppose -23*v = -5*v + 90. Let w(n) = 24*n**2 - 7*n - 21. What is the units digit of w(v)?
4
Let p(s) = -s**3 + 7*s**2 - 8*s + 9. Let k be p(6). Let c(l) = -10*l**3 + 3*l**2 + 8*l + 6. What is the hundreds digit of c(k)?
2
Let q be 3/(27/(-34)) - (-26)/(-117). What is the tens digit of (q/((-96)/(-558)))/((-6)/64)?
4
Suppose -6*l + 14 = -5*l. Suppose -l*h - 56 = -16*h. Suppose -h*w + 22*w + 150 = 0. What is the tens digit of w?
2
What is the thousands digit of 165/(-33) - 90*266/(-4)?
5
What is the tens digit of -4 - 1/((-11167)/1861 + 6)?
5
Suppose 2*r + 65 = -g, 3*r = -4*g + 6*g - 94. Let i(x) = x**2 + 6*x + 52. What is the hundreds digit of i(r)?
8
Suppose 219*z = -59*z + 62*z + 9378720. What is the units digit of z?
0
Let u(i) = 13*i**2 - 4*i - 39. Let q(c) = 2*c + 20 + 4*c**2 + 0*c - 5*c**2 - 6*c**2. Let m(k) = 11*q(k) + 6*u(k). What is the tens digit of m(7)?
2
Suppose -27*v + 641944 = -559826. What is the ten thousands digit of v?
4
Let u(s) = -20*s + 44. Let b(m) = m**3 + 6*m**2 + 3*m - 8. Let h be b(-4). Suppose h*i + 40 + 32 = 0. What is the hundreds digit of u(i)?
1
What is the hundreds digit of (1 - -16029) + 32 + -11 + -11?
0
Suppose 435298 - 82819 + 109671 = 90*o. What is the tens digit of o?
3
Let w(n) = -109*n - 50. Let o be w(10). What is the hundreds digit of (-5 - -7 - o) + 2 + 2?
1
Let v be (42/(-30) + 3)/((-2)/(-5)). Suppose -n + 33 - 7 = v*u, -2*n + 5*u = -39. Suppose 102 = -20*k + n*k. What is the units digit of k?
1
Suppose 0 = 10*u - 9*u - 27. Suppose 5*v = -123 - u. Let y = 81 + v. What is the tens digit of y?
5
Suppose 3*m - 3721 = 26942. What is the hundreds digit of (-5)/(-20) - (-1)/(12/m)?
8
Suppose 263 = y + 257. What is the hundreds digit of 534 + y + -6 + -6?
5
Let x(h) = -65*h - 7. Let r be x(-14). Let m be 4/3*r/14. Let i = -65 + m. What is the units digit of i?
1
Let m = 11040 + 8742. What is the ten thousands digit of m?
1
Suppose 0 = -4*x + 5*z - 4431, -3*x - 5*z - 2193 = -x. Let t be 0 + (-7)/(21/x). Suppose -7*h = -11*h + t. What is the units digit of h?
2
Suppose 3*d - 30 = 3*p - 3, 5*p - 2*d = -33. Let m(y) = -42 - 26 + 85 - 15*y - 37 - 21*y. What is the hundreds digit of m(p)?
1
Let d(j) = 2*j**3 - 57*j**2 + 30*j - 133. What is the thousands digit of d(29)?
1
Suppose -32*k = -13*k - 10317. Suppose -k = 9*w - 10110. What is the tens digit of w?
6
Suppose 3 = b, 2*t + 6 = 4*b + 8. Suppose g - 9 - t = 0. Let m(w) = 10*w + 6. What is the hundreds digit of m(g)?
1
Suppose 2*i + 79 = -y, 5*i - 3*y + 74 = -96. Let r = 24 - i. Suppose -a + 2*m + 64 = 0, r = 2*a - 3*m - 70. What is the tens digit of a?
7
Let z = -92087 - -187509. What is the tens digit of z?
2
Let q(x) = -x**2 - 63*x + 7919. What is the hundreds digit of q(0)?
9
Let g = -12 - -15. Suppose -4*o = -g*h + 2936, 2*o + 0*o - 982 = -h. What is the units digit of h?
0
Let b(n) = -n**3 + 17*n**2 + n - 15. Let j be b(17). Let y(p) = -6 - p - 8*p - p**2 - 7*p + j*p. What is the units digit of y(-9)?
9
Let q(j) = -j**3 - 13*j**2 - 14*j - 19. Let h be q(-12). Suppose -2*k + 13 = -c, -h*k + 5*c + 40 = -0*k. Suppose k*i = -35 + 285. What is the units digit of i?
0
What is the hundreds digit of 6 - (-3 - -9) - 5 - -8961?
9
Suppose 89*y - 90467 = 85*y + q, 22663 = y + 9*q. What is the units digit of y?
8
Let d(z) = -z**2 + 10*z - 7. Let b be d(9). Let n(l) = -460*l + 460*l - 3 + 23*l**2. What is the units digit of n(b)?
9
Let p = -45 + 45. Let j = p + -6. What is the tens digit of (-198)/((-7)/((-21)/j))?
9
Let j(n) = 317*n**2 - 2*n. Suppose 3 = -2*r + 5*d + 26, r - 4*d = 19. What is the units digit of j(r)?
9
Let b(a) = -234*a - 29. Let p be b(-2). Suppose 2*k = 4*z + 920, 0 = 2*k - z - 496 - p. What is the units digit of k?
0
Suppose 0 = -4*d - 150 + 838. Let w = d - 57. What is the tens digit of w?
1
Suppose -715*t = -707*t. Let z(a) = -a + 1. Let m be z(-4). Suppose -3*n = t, m = f - 4*n - 17. What is the units digit of f?
2
Let w(g) = 12761*g - 798. What is the hundreds digit of w(2)?
7
Suppose 2*j = 4 + 4. Suppose 5*k = -2*i + 2 + 8, j*k = -i + 11. Let y(t) = 23*t - 17. What is the units digit of y(k)?
5
Let p be (2 + -373 + -2)/1. Let g = -325 - p. What is the units digit of g?
8
Suppose -50*s = -53*s + 804. Suppose 25*i - 21*i = s. What is the units digit of i?
7
Let p(m) = 5*m**3 - 52*m**2 - 14*m + 26. Let v be p(16). Suppose -145*j = -140*j - v. What is the thousands digit of j?
1
Suppose 0 = 7*t - 663 + 649. Suppose 2*z - t = 0, -1425 = 2*r - 4*r - 3*z. What is the units digit of r?
1
Suppose 2*q - 255077 = -3*n, -7 = 11*q - 12*q. What is the hundreds digit of n?
0
Let n be (-10)/(-8) - ((-1239)/36 + (-2)/(-3)). Let v = 538 - 346. Suppose n*w - v = 33*w. What is the units digit of w?
6
Let q(y) = 22*y**3 + 4*y**2 + 11*y - 23*y**3 - 2 + y**2. Let s be q(6). Let k = s - 10. What is the units digit of k?
8
Suppose 2*j - r = 12635, -9*j = -11*j - r + 12629. What is the tens digit of j?
1
Suppose -741 = -3*y + 2*i + 1218, -5*i + 15 = 0. Suppose 4*a + y = 1583. Suppose -5*h + h = -a. What is the units digit of h?
8
Suppose -3*v - 32 = 2*v + 2*z, -5*v = 3*z + 28. Let b(t) = -4*t - 8. Let n be b(v). Let q = 25 - n. What is the units digit of q?
1
Suppose -24 = 2*l + 4*l. What is the units digit of 2/6 + 1103*l/(-12)?
8
Suppose 0 = 86*x - 91*x - 4195. Let b = x - -1546. What is the hundreds digit of b?
7
What is the units digit of (21/(-2))/(117/(-480402))?
3
Suppose 3*s = s + 4. Let p(n) be the second derivative of 2*n**3 - 16*n. What is the units digit of p(s)?
4
Suppose -5*w + 3*w = -2*v - 30, w - 2*v - 10 = 0. Suppose h + 4*c = -w, -5*h - 20 = -2*h + 2*c. What is the units digit of (16/10)/(h/(-220))?
8
What is the thousands digit of (-6 - -133431)/15 - -2?
8
Suppose 3*h + 58 = -2. Let m = -26 - h. What is the units digit of ((-2)/m)/(18/4482)?
3
Suppose 7*m + 3792 = 3*m. Let y = -496 - m. What is the units digit of y?
2
Let g = -36 - -41. Suppose -g*p + 4*p - 11 = 0. Let k = p - -122. What is the tens digit of k?
1
Let g = -39201 + 57201. What is the thousands digit of g?
8
Let c(j) = 1475*j**2 - 2*j - 4. Let v be c(-1). Let y = v - 404. What is the hundreds digit of y?
0
Suppose -2*q + 4*u + 936 + 2626 = 0, 5*q + 4*u - 8975 = 0. Suppose 5*r = 4*w - 0*w - q, 3*r - 2211 = -5*w. What is the units digit of w?
4
Let b be 7/((-7)/(-5)) + -1*193. Let f = 546 + b. What is the units digit of f?
8
Let g(o) = 2*o**2 + 45*o - 444. What is the hundreds digit of g(52)?
3
Suppose -21 = -2*y + 15. Let n(t) = -14 + 4 + y*t - t**2 - 19. What is the units digit of n(13)?
6
Let h(p) = 14*p + 59. Suppose 4*f - 16 = 32. What is the tens digit of h(f)?
2
What is the thousands digit of ((-9)/(-3) - (-28)/(-10)) + (-201456)/(-45)?
4
Let g(q) = 5*q**2 - 3*q - 21. Let n be g(-6). What is the tens digit of 1 + -1 + n - -3?
8
Suppose -7*y + 9*y - 876 = -4*a, 4*y = -5*a + 1737. Let t = y + 116. What is the hundreds digit of t?
5
Let r = 13425 - 7943. What is the hundreds digit of r?
4
Suppose 0 = 4*f + 10*f + 938. Let l = -1222 - f. What is the hundreds digit of l/(-14)*(-4)/(-2) + -4?
1
Suppose -3*u + 4 + 3 = k, 4*u - 4*k - 36 = 0. Suppose 5*t - 1075 = -2*y, 2*t + 3*t + u*y - 1065 = 0. What is the hundreds digit of t?
2
Let g be (-1187)/((-546)/(-60) - 9). What is the tens digit of ((-21)/28 + g/(-8))/1?
8
Suppose -5*y - 7*a + 12*a = -35, y - 3*a = 17. Suppose